{"id":2,"date":"2023-05-25T00:12:20","date_gmt":"2023-05-25T03:12:20","guid":{"rendered":"http:\/\/blogdagruta.com.br\/?page_id=2"},"modified":"2023-06-21T12:24:12","modified_gmt":"2023-06-21T15:24:12","slug":"pagina-exemplo","status":"publish","type":"page","link":"https:\/\/blogdagruta.com.br\/index.php\/pagina-exemplo\/","title":{"rendered":"Blog da Gruta"},"content":{"rendered":"\n<p>Bem-vindo ao Blog da Gruta Ganesha, um espa\u00e7o que celebra a uni\u00e3o entre a beleza natural e a energia m\u00edstica que s\u00f3 os cristais podem proporcionar. Desde o in\u00edcio da nossa jornada, a Gruta Ganesha tem sido um local de descoberta, transforma\u00e7\u00e3o e conex\u00e3o, onde exploramos a complexidade dos cristais e suas propriedades poderosas, sempre com respeito \u00e0 natureza e \u00e0s pr\u00e1ticas \u00e9ticas.<\/p>\n\n\n\n<p>Neste blog, compartilhamos informa\u00e7\u00f5es detalhadas sobre diferentes tipos de cristais, suas origens, caracter\u00edsticas f\u00edsicas e principalmente, suas propriedades energ\u00e9ticas. Aqui voc\u00ea encontrar\u00e1 desde textos sobre a forma\u00e7\u00e3o geol\u00f3gica de geodos de Marrocos, at\u00e9 guias de como programar seu cristal para potencializar suas energias.<\/p>\n\n\n\n<p>Em sintonia com o ritmo natural do universo, tamb\u00e9m trazemos reflex\u00f5es sobre a influ\u00eancia dos signos e das esta\u00e7\u00f5es do ano em nossa energia, mostrando como os cristais podem nos ajudar a nos harmonizar com essas mudan\u00e7as. Al\u00e9m disso, oferecemos dicas sobre como usar cristais no dia a dia, seja para meditar, equilibrar a energia do ambiente, ou como acess\u00f3rios carregados de significado.<\/p>\n\n\n\n<p>A Gruta Ganesha \u00e9 mais do que um blog, \u00e9 uma comunidade de amantes de cristais e buscadores do autoconhecimento, que valorizam a beleza do natural e acredita no poder dos cristais como aliados em nossa jornada de vida. Convidamos voc\u00ea a mergulhar no universo dos cristais e descobrir o poder de cura, transforma\u00e7\u00e3o e inspira\u00e7\u00e3o que eles podem trazer para a sua vida.<\/p>\n\n\n\n<p>Aprecie a beleza, sinta a energia, descubra a Gruta Ganesha.<\/p>\n","protected":false},"excerpt":{"rendered":"<p>Bem-vindo ao Blog da Gruta Ganesha, um espa\u00e7o que celebra a uni\u00e3o entre a beleza natural e a energia m\u00edstica que s\u00f3 os cristais podem proporcionar. Desde o in\u00edcio da nossa jornada, a Gruta Ganesha tem sido um local de descoberta, transforma\u00e7\u00e3o e conex\u00e3o, onde exploramos a complexidade dos cristais e suas propriedades poderosas, sempre [&hellip;]<\/p>\n","protected":false},"author":1,"featured_media":0,"parent":0,"menu_order":0,"comment_status":"closed","ping_status":"open","template":"","meta":{"site-container-style":"default","site-container-layout":"default","site-sidebar-layout":"default","disable-article-header":"default","disable-site-header":"default","disable-site-footer":"default","disable-content-area-spacing":"default","footnotes":""},"class_list":["post-2","page","type-page","status-publish","hentry"],"_links":{"self":[{"href":"https:\/\/blogdagruta.com.br\/index.php\/wp-json\/wp\/v2\/pages\/2","targetHints":{"allow":["GET"]}}],"collection":[{"href":"https:\/\/blogdagruta.com.br\/index.php\/wp-json\/wp\/v2\/pages"}],"about":[{"href":"https:\/\/blogdagruta.com.br\/index.php\/wp-json\/wp\/v2\/types\/page"}],"author":[{"embeddable":true,"href":"https:\/\/blogdagruta.com.br\/index.php\/wp-json\/wp\/v2\/users\/1"}],"replies":[{"embeddable":true,"href":"https:\/\/blogdagruta.com.br\/index.php\/wp-json\/wp\/v2\/comments?post=2"}],"version-history":[{"count":1,"href":"https:\/\/blogdagruta.com.br\/index.php\/wp-json\/wp\/v2\/pages\/2\/revisions"}],"predecessor-version":[{"id":17,"href":"https:\/\/blogdagruta.com.br\/index.php\/wp-json\/wp\/v2\/pages\/2\/revisions\/17"}],"wp:attachment":[{"href":"https:\/\/blogdagruta.com.br\/index.php\/wp-json\/wp\/v2\/media?parent=2"}],"curies":[{"name":"wp","href":"https:\/\/api.w.org\/{rel}","templated":true}]}}